29*p - 265. Calculate b(-15).
170
Let t(k) = 3*k**3 - 53*k**2 - 20*k + 8. Determine t(18).
-28
Let u(h) = -7929*h - 71359. What is u(-9)?
2
Let g(f) = 29*f + 3114. Determine g(-110).
-76
Let n(r) = r**3 - 8*r**2 - 18*r + 18. What is n(10)?
38
Let f(a) = -7*a**2 + 137*a + 367. Determine f(22).
-7
Let z(m) = -2989*m + 12052. Determine z(4).
96
Let h(p) = -19138*p - 172243. Calculate h(-9).
-1
Let b(v) = 2*v**2 - 75*v - 476. Calculate b(43).
-3
Let v(h) = 2*h**3 + 7*h**2 - 4*h - 7. Give v(-4).
-7
Let q(l) = 88*l - 5984. What is q(68)?
0
Let k(p) = -19*p - 905. Calculate k(-51).
64
Let m(d) = -9*d - 101. Determine m(8).
-173
Let l(u) = 1306*u - 28727. Determine l(22).
5
Let l(o) = -239*o - 11230. Determine l(-47).
3
Let g(o) = -o**3 + 4*o**2 - 20. Give g(5).
-45
Let z(y) = -2*y**2 - 29*y + 2. Calculate z(-23).
-389
Let i(g) = -g**2 - 83*g + 1839. What is i(17)?
139
Let m(c) = c**2 + 27*c + 70. Determine m(-24).
-2
Let x(n) = 3*n**3 + 13*n**2 + 74*n + 274. Calculate x(-4).
-6
Let a(x) = 314*x + 28. Calculate a(0).
28
Let q(p) = p**2 + 12*p - 48. What is q(-17)?
37
Let g(h) = 12*h**3 - 5*h**2 - 13*h - 16. Calculate g(-2).
-106
Let o(i) = i**3 - 17*i**2 - 29*i + 204. Calculate o(18).
6
Let u(o) = 68*o + 1196. What is u(-18)?
-28
Let a(p) = -p**3 + 10*p**2 + 30*p - 83. Calculate a(11).
126
Let c(d) = 23*d - 556. Calculate c(52).
640
Let q(f) = -f**3 + 121*f**2 + 513*f - 1859. Determine q(125).
-234
Let s(v) = -2*v**3 + 35*v**2 - 70*v + 21. What is s(15)?
96
Let z(w) = -32*w - 1915. What is z(-70)?
325
Let y(g) = g**3 - 10*g**2 + 30*g - 95. Calculate y(8).
17
Let m(r) = r**3 + 7*r**2 - 12*r + 4. Calculate m(-9).
-50
Let r(h) = 2*h**2 + 12*h - 77. Calculate r(4).
3
Let a(q) = 25*q - 1793. Determine a(72).
7
Let j(b) = 3*b**3 - 618*b**2 + 8*b - 1639. Determine j(206).
9
Let b(a) = a**3 + 148*a**2 - 587*a - 43049. Determine b(-150).
1
Let t(i) = -10*i**2 + 441*i - 12. Give t(44).
32
Let i(j) = -j**2 - 52*j - 222. Calculate i(-45).
93
Let z(j) = -j**3 - 39*j**2 + 9*j + 368. Calculate z(-39).
17
Let m(w) = w**3 + 50*w**2 - 157*w - 90. Calculate m(-53).
-196
Let a(k) = 706*k**2 + 12*k. Give a(1).
718
Let z(i) = 547*i - 1081. What is z(2)?
13
Let r(d) = -325*d - 1640. Give r(-5).
-15
Let l(n) = 2*n**2 - 73*n - 295. What is l(41)?
74
Let q(n) = -n**3 + 19*n**2 - 29*n + 301. Give q(16).
605
Let t(w) = 633*w - 1272. Give t(2).
-6
Let q(x) = x**3 - 2*x**2 - 15*x - 17. Calculate q(-3).
-17
Let t(i) = -i**2 + 4*i + 191. Calculate t(15).
26
Let u(a) = -840*a + 14315. Calculate u(17).
35
Let f(x) = -5*x**2 + 231*x + 3074. Give f(57).
-4
Let d(k) = 4*k**2 + 104*k + 615. What is d(-17)?
3
Let q(s) = 55*s + 3681. Calculate q(-67).
-4
Let r(p) = -44*p - 3585. Give r(-81).
-21
Let f(w) = w**3 - 8*w**2 - w - 65. Give f(9).
7
Let l(y) = -y**3 + 69*y**2 - 136*y + 138. Determine l(67).
4
Let g(k) = 34*k**2 + k - 35. What is g(1)?
0
Let t(y) = -164*y + 1826. Give t(11).
22
Let c(l) = -2*l**2 + 17*l + 29. What is c(11)?
-26
Let k(d) = -6*d**3 + 3*d**2 + d - 4. Give k(3).
-136
Let x(z) = 2*z**2 - 3*z + 11. What is x(4)?
31
Let w(g) = 5*g**2 - 29*g. Determine w(6).
6
Let g(p) = 3*p**2 + 50*p + 186. What is g(-11)?
-1
Let q(s) = 3*s**2 - 24*s + 37. What is q(7)?
16
Let k(s) = 5*s**2 + 197*s - 65. What is k(-42)?
481
Let m(p) = -p**2 + 21*p - 65. Determine m(10).
45
Let k(i) = -i**2 - 73*i - 232. Give k(-71).
-90
Let q(y) = -37*y**2 + 2181*y + 121. What is q(59)?
3
Let l(k) = -3*k - 74. Determine l(-21).
-11
Let x(j) = -26*j**2 + 318*j - 1035. What is x(6)?
-63
Let s(t) = -31*t + 158. What is s(6)?
-28
Let v(h) = 923*h - 17526. What is v(19)?
11
Let c(h) = 2*h**2 + 59*h + 42. Give c(-4).
-162
Let c(i) = -2*i**3 - 40*i**2 - 48*i - 133. Determine c(-19).
57
Let b(t) = 3*t**2 + 64*t - 202. Determine b(4).
102
Let i(s) = -2*s**3 - 4*s**2 + 7*s - 24. Give i(-5).
91
Let f(a) = -6*a**2 + 128*a - 542. Calculate f(16).
-30
Let x(q) = q**3 - 23*q**2 - 29*q - 69. What is x(24)?
-189
Let x(f) = -2*f**2 + 175*f + 452. What is x(90)?
2
Let m(u) = -6*u**2 - 264*u + 142. Calculate m(-45).
-128
Let i(t) = t**2 - 988*t + 4894. Calculate i(5).
-21
Let c(a) = -606*a - 22. Determine c(-1).
584
Let s(a) = 2*a**3 + 178*a**2 + 5*a + 436. Calculate s(-89).
-9
Let f(h) = -40*h + 1217. Give f(30).
17
Let u(m) = -15980*m + 95890. Calculate u(6).
10
Let o(m) = 1688*m + 42205. Give o(-25).
5
Let m(q) = 99*q**2 + 223*q + 25. What is m(-2)?
-25
Let z(l) = 621*l + 42853. Calculate z(-69).
4
Let z(r) = r**3 + 24*r**2 - 44*r - 28. What is z(-26)?
-236
Let q(u) = 10*u**2 + 144*u + 394. Give q(-3).
52
Let i(w) = 2*w**3 - 46*w**2 - 266*w + 2. Calculate i(28).
394
Let t(r) = 9*r**2 - 21*r - 306. Determine t(-9).
612
Let x(o) = -12*o**2 - 32*o + 45. Calculate x(1).
1
Let b(t) = 3*t**2 + 4*t + 9. Determine b(-4).
41
Let n(s) = 14*s + 1191. Give n(-91).
-83
Let g(d) = 3*d**3 + 5*d**2 + 9*d + 8. Calculate g(2).
70
Let h(o) = -o**2 - 27*o + 549. Determine h(15).
-81
Let j(f) = -22*f + 463. Calculate j(20).
23
Let m(s) = 73*s + 11. What is m(-2)?
-135
Let n(r) = r**3 + 3*r**2 + 11*r + 99. Calculate n(-6).
-75
Let b(a) = a**3 - 49*a**2 + 388*a - 7. Calculate b(10).
-27
Let i(t) = -620*t - 13015. Determine i(-21).
5
Let y(f) = -9*f**2 + 2*f + 16. Calculate y(6).
-296
Let v(t) = -19*t**3 - 400*t**2 - 17*t + 49. Determine v(-21).
-35
Let y(w) = 19*w**2 + 156*w + 274. Calculate y(-5).
-31
Let s(j) = -21*j - 209. Calculate s(-7).
-62
Let h(d) = 4*d + 150. Determine h(-15).
90
Let a(v) = 586*v + 1776. Determine a(-3).
18
Let u(q) = 2*q**3 - 13*q**2 - 10*q. What is u(7)?
-21
Let s(i) = i**3 - 12*i + 28. What is s(4)?
44
Let r(m) = -m**3 + 67*m**2 - 256*m + 271. Give r(63).
19
Let o(b) = b**2 + 19*b - 40. Determine o(0).
-40
Let m(n) = n**3 - 10*n**2 - 48*n + 34. Determine m(14).
146
Let y(p) = -45*p - 206. What is y(-10)?
244
Let o(p) = p**3 - 49*p**2 + 593*p - 121. What is o(28)?
19
Let q(w) = 515*w + 6195. Calculate q(-12).
15
Let y(m) = -27*m + 261. Determine y(10).
-9
Let i(z) = -z**2 + 43*z - 19. What is i(41)?
63
Let q(i) = 16*i**2 - 33*i + 53. Calculate q(5).
288
Let l(m) = -m**2 + 86*m - 1813. What is l(38)?
11
Let c(b) = 14*b**2 + 137*b + 398. Calculate c(-3).
113
Let f(j) = 11*j - 138. What is f(0)?
-138
Let o(b) = -b**3 + 5*b**2 + 404*b + 34. What is o(23)?
-196
Let z(h) = h**2 + 63*h + 522. Give z(-8).
82
Let j(n) = -113*n + 425. Determine j(4).
-27
Let v(z) = 4*z**2 - 140*z + 7. What is v(35)?
7
Let x(v) = v**2 - 54*v + 403. Calculate x(42).
-101
Let n(k) = -268*k - 1923. Determine n(-7).
-47
Let c(l) = 15*l - 198. What is c(15)?
27
Let o(h) = h**2 - 109*h - 3510. Determine o(135).
0
Let d(g) = 2621*g + 141530. Give d(-54).
-4
Let r(c) = c**3 - 16*c**2 + 15*c - 96. Give r(16).
144
Let a(o) = 4*o**3 + 16*o**2 + 68*o + 282. Calculate a(-4).
10
Let d(r) = -421*r - 2130. Calculate d(-5).
-25
Let i(m) = m**2 + 129*m + 3888. What is i(-81)?
0
Let a(b) = 12*b**2 + 24*b - 26. Determine a(1).
10
Let w(s) = 80*s - 6954. Determine w(87).
6
Let u(l) = 371*l + 1849. Calculate u(-5).
-6
Let o(c) = -16*c**2 - 159*c - 4. What is o(-10)?
-14
Let y(p) = 20*p**2 - 265*p - 69. Calculate y(14).
141
Let o(a) = -a**3 - 14*a**2 - a + 18. Calculate o(0).
18
Let q(a) = -224*a + 53751. What is q(240)?
-9
Let b(v) = -9*v + 352. Calculate b(-1).
361
Let j(d) = -172*d + 2076. Determine j(12).
12
Let u(n) = -2*n**3 + 6*n**2 + 4*n - 2. Determine u(-1).
2
Let d(m) = 61*m - 668. What is d(11)?
3
Let t(w) = -2*w**2 - 4*w + 965. Give t(21).
-1
Let h(m) = 66*m + 392. Calculate h(-6).
-4
Let o(n) = 2*n**2 + 283*n + 281. Determine o(-1).
0
Let c(m) = -568*m + 6810. Determine c(12).
-6
Let w(i) = -i**3 + i**2 - 190*i - 80. Give w(0).
-80
Let p(o) = -o**2 + 57*o - 719. What is p(14)?
-117
Let z(u) = u**3 + 30*u**2 - 27*u - 57. Determine z(-31).
-181
Let a(g) = -56*g**2 + 1564*g + 120. What is a(28)?
8
Let k(h) = -3*h**2 - 248*h + 1469. Calculate k(6).
-127
Let n(i) = -24*i - 52. Calculate n(1).
-76
Let n(x) = 325*x - 39328. Calculate n(121).
-3
Let r(a) = 3*a**2 + 17*a - 137. Calculate r(5).
23
Let p(q) = q**3 - 33*q**2 - 9*q + 302. Calculate p(33).
5
Let q(l) = -1571*l - 3146. Determine q(-2).
-4
Let l(r) = r**3 + 8*r**2 - 18*r - 160. What is l(-9)?
-79
Let u(l) = -116*l + 33168. What is u(286)?
-8
Let r(x) = -7*x**3 + 4*x**2 + 6*x + 8. Determine r(-2).
6